{"id":121,"date":"2015-03-28T13:23:29","date_gmt":"2015-03-28T13:23:29","guid":{"rendered":"http:\/\/pix-theme.com\/dev\/xsport\/?page_id=121"},"modified":"2023-11-04T09:43:27","modified_gmt":"2023-11-04T08:43:27","slug":"contact","status":"publish","type":"page","link":"https:\/\/skiclubdebeille.com\/index.php\/contact\/","title":{"rendered":"Contact"},"content":{"rendered":"<section class=\"wpb-content-wrapper\"><p>[vc_row ptextcolor=\u00a0\u00bbWhite\u00a0\u00bb css=\u00a0\u00bb.vc_custom_1502718979608{margin-top: -30px !important;padding-top: 0px !important;padding-bottom: 0px !important;}\u00a0\u00bb pbgslides=\u00a0\u00bb2785,2788&Prime;][vc_column css=\u00a0\u00bb.vc_custom_1455116058738{padding-top: 100px !important;padding-bottom: 100px !important;}\u00a0\u00bb]\n\t\n\t<div class=\"row\">\n      <div class=\"col-lg-12 text-center\">\n\t  \n\t  \n        <div  class=\"heading-wrap\">\n          <div class=\"small-logo\"><img decoding=\"async\" src=\"https:\/\/skiclubdebeille.com\/wp-content\/uploads\/2022\/01\/slideBeille-1.png\" alt=\"CONTACT US\"><\/div><h2 class=\"section-heading\">CONTACT US<\/h2><h3 class=\"section-subheading hang\">CONTACTER LE SKI CLUB DE BEILLE<\/h3><\/div>\n      <\/div>\n    <\/div>[vc_row_inner][vc_column_inner width=\u00a0\u00bb1\/2&Prime;]\n<div class=\"wpcf7 no-js\" id=\"wpcf7-f3684-o1\" lang=\"en-US\" dir=\"ltr\" data-wpcf7-id=\"3684\">\n<div class=\"screen-reader-response\"><p role=\"status\" aria-live=\"polite\" aria-atomic=\"true\"><\/p> <ul><\/ul><\/div>\n<form action=\"\/index.php\/wp-json\/wp\/v2\/pages\/121#wpcf7-f3684-o1\" method=\"post\" class=\"wpcf7-form init\" aria-label=\"Contact form\" novalidate=\"novalidate\" data-status=\"init\">\n<fieldset class=\"hidden-fields-container\"><input type=\"hidden\" name=\"_wpcf7\" value=\"3684\" \/><input type=\"hidden\" name=\"_wpcf7_version\" value=\"6.1.4\" \/><input type=\"hidden\" name=\"_wpcf7_locale\" value=\"en_US\" \/><input type=\"hidden\" name=\"_wpcf7_unit_tag\" value=\"wpcf7-f3684-o1\" \/><input type=\"hidden\" name=\"_wpcf7_container_post\" value=\"0\" \/><input type=\"hidden\" name=\"_wpcf7_posted_data_hash\" value=\"\" \/>\n<\/fieldset>\n<div class=\"col-md-4\">\n\t<div class=\"form-group\">\n\t\t<p><span class=\"wpcf7-form-control-wrap\" data-name=\"your-name\"><input size=\"40\" maxlength=\"400\" class=\"wpcf7-form-control wpcf7-text wpcf7-validates-as-required\" aria-required=\"true\" aria-invalid=\"false\" placeholder=\"name\" value=\"\" type=\"text\" name=\"your-name\" \/><\/span>\n\t\t<\/p>\n\t<\/div>\n\t<div class=\"form-group\">\n\t\t<p><span class=\"wpcf7-form-control-wrap\" data-name=\"your-email\"><input size=\"40\" maxlength=\"400\" class=\"wpcf7-form-control wpcf7-email wpcf7-validates-as-required wpcf7-text wpcf7-validates-as-email\" aria-required=\"true\" aria-invalid=\"false\" placeholder=\"emai\" value=\"\" type=\"email\" name=\"your-email\" \/><\/span>\n\t\t<\/p>\n\t<\/div>\n\t<div class=\"form-group\">\n\t\t<p><span class=\"wpcf7-form-control-wrap\" data-name=\"your-subject\"><input size=\"40\" maxlength=\"400\" class=\"wpcf7-form-control wpcf7-text\" aria-invalid=\"false\" placeholder=\"subject\" value=\"\" type=\"text\" name=\"your-subject\" \/><\/span>\n\t\t<\/p>\n\t<\/div>\n<\/div>\n<div class=\"col-md-8\">\n\t<div class=\"form-group form-group-text\">\n\t\t<p><span class=\"wpcf7-form-control-wrap\" data-name=\"your-message\"><textarea cols=\"40\" rows=\"10\" maxlength=\"2000\" class=\"wpcf7-form-control wpcf7-textarea\" aria-invalid=\"false\" name=\"your-message\"><\/textarea><\/span><input class=\"wpcf7-form-control wpcf7-submit has-spinner\" type=\"submit\" value=\"Send\" \/>\n\t\t<\/p>\n\t<\/div>\n<\/div><p style=\"display: none !important;\" class=\"akismet-fields-container\" data-prefix=\"_wpcf7_ak_\"><label>&#916;<textarea name=\"_wpcf7_ak_hp_textarea\" cols=\"45\" rows=\"8\" maxlength=\"100\"><\/textarea><\/label><input type=\"hidden\" id=\"ak_js_1\" name=\"_wpcf7_ak_js\" value=\"242\"\/><script>document.getElementById( \"ak_js_1\" ).setAttribute( \"value\", ( new Date() ).getTime() );<\/script><\/p><div class=\"wpcf7-response-output\" aria-hidden=\"true\"><\/div>\n<\/form>\n<\/div>\n[\/vc_column_inner][vc_column_inner width=\u00a0\u00bb1\/2&Prime;][vc_column_text]\n\t\n\t<div class=\"media fot-contact\">\n            <div class=\"media-left\"> <i class=\"fa fa-map-marker  fa-2x\"><\/i><\/div>\n            <div class=\"media-body\">\n            Ski Club de Beille 8 rue du rey sec, Albi\u00e9s 09310 Ari\u00e8ge Pyr\u00e9n\u00e9es FRANCE\n            <\/div>\n          <\/div>\n\t\n\t<div class=\"media fot-contact\">\n            <div class=\"media-left\"> <i class=\"fa fa-envelope  fa-2x\"><\/i><\/div>\n            <div class=\"media-body\">\n            info@skiclubdebeille.com info@skiclubdebeille.com\n            <\/div>\n          <\/div>\n\t\n\t<div class=\"media fot-contact\">\n            <div class=\"media-left\"> <i class=\"fa fa-phone  fa-2x\"><\/i><\/div>\n            <div class=\"media-body\">\n            <b>06.95.84.07.05<\/b>\n            <\/div>\n          <\/div>[\/vc_column_text][\/vc_column_inner][\/vc_row_inner][\/vc_column][\/vc_row][vc_row full_width=\u00a0\u00bbstretch_row\u00a0\u00bb][vc_column][vc_gmaps link=\u00a0\u00bb#E-8_JTNDaWZyYW1lJTIwc3JjJTNEJTIyaHR0cHMlM0ElMkYlMkZ3d3cuZ29vZ2xlLmNvbSUyRm1hcHMlMkZlbWJlZCUzRnBiJTNEJTIxMW0xNCUyMTFtOCUyMTFtMyUyMTFkMzAyMy41MDkyMTYwMzY2MzUlMjEyZC03My45ODc3NDI3OTk5OTk5OSUyMTNkNDAuNzI4ODE5NCUyMTNtMiUyMTFpMTAyNCUyMTJpNzY4JTIxNGYxMy4xJTIxM20zJTIxMW0yJTIxMXMweDg5YzI1OTljNjM5OWZkYmQlMjUzQTB4NzBmZmEyNGZmMzUzYzY4YSUyMTJ6TVRNeklESnVaQ0JCZG1Vc0lFNWxkeUJaYjNKckxDQk9XU0F4TURBd015d2cwS0hRcU5DUSUyMTVlMCUyMTNtMiUyMTFzcnUlMjEycyUyMTR2MTQyNzQ4Nzc5ODUwMyUyMiUyMHdpZHRoJTNEJTIyNjAwJTIyJTIwaGVpZ2h0JTNEJTIyNDUwJTIyJTIwZnJhbWVib3JkZXIlM0QlMjIwJTIyJTIwc3R5bGUlM0QlMjJib3JkZXIlM0EwJTIyJTNFJTNDJTJGaWZyYW1lJTNF\u00a0\u00bb size=\u00a0\u00bb300&Prime;][\/vc_column][\/vc_row]<\/p>\n<\/section>","protected":false},"excerpt":{"rendered":"<p>[vc_row ptextcolor=\u00a0\u00bbWhite\u00a0\u00bb css=\u00a0\u00bb.vc_custom_1502718979608{margin-top: -30px !important;padding-top: 0px !important;padding-bottom: 0px !important;}\u00a0\u00bb pbgslides=\u00a0\u00bb2785,2788&Prime;][vc_column css=\u00a0\u00bb.vc_custom_1455116058738{padding-top: 100px !important;padding-bottom: 100px !important;}\u00a0\u00bb][vc_row_inner][vc_column_inner width=\u00a0\u00bb1\/2&Prime;][\/vc_column_inner][vc_column_inner width=\u00a0\u00bb1\/2&Prime;][vc_column_text][\/vc_column_text][\/vc_column_inner][\/vc_row_inner][\/vc_column][\/vc_row][vc_row full_width=\u00a0\u00bbstretch_row\u00a0\u00bb][vc_column][vc_gmaps link=\u00a0\u00bb#E-8_JTNDaWZyYW1lJTIwc3JjJTNEJTIyaHR0cHMlM0ElMkYlMkZ3d3cuZ29vZ2xlLmNvbSUyRm1hcHMlMkZlbWJlZCUzRnBiJTNEJTIxMW0xNCUyMTFtOCUyMTFtMyUyMTFkMzAyMy41MDkyMTYwMzY2MzUlMjEyZC03My45ODc3NDI3OTk5OTk5OSUyMTNkNDAuNzI4ODE5NCUyMTNtMiUyMTFpMTAyNCUyMTJpNzY4JTIxNGYxMy4xJTIxM20zJTIxMW0yJTIxMXMweDg5YzI1OTljNjM5OWZkYmQlMjUzQTB4NzBmZmEyNGZmMzUzYzY4YSUyMTJ6TVRNeklESnVaQ0JCZG1Vc0lFNWxkeUJaYjNKckxDQk9XU0F4TURBd015d2cwS0hRcU5DUSUyMTVlMCUyMTNtMiUyMTFzcnUlMjEycyUyMTR2MTQyNzQ4Nzc5ODUwMyUyMiUyMHdpZHRoJTNEJTIyNjAwJTIyJTIwaGVpZ2h0JTNEJTIyNDUwJTIyJTIwZnJhbWVib3JkZXIlM0QlMjIwJTIyJTIwc3R5bGUlM0QlMjJib3JkZXIlM0EwJTIyJTNFJTNDJTJGaWZyYW1lJTNF\u00a0\u00bb size=\u00a0\u00bb300&Prime;][\/vc_column][\/vc_row]<\/p>\n","protected":false},"author":1,"featured_media":0,"parent":0,"menu_order":0,"comment_status":"open","ping_status":"open","template":"template-home.php","meta":{"footnotes":""},"class_list":["post-121","page","type-page","status-publish","hentry"],"_links":{"self":[{"href":"https:\/\/skiclubdebeille.com\/index.php\/wp-json\/wp\/v2\/pages\/121","targetHints":{"allow":["GET"]}}],"collection":[{"href":"https:\/\/skiclubdebeille.com\/index.php\/wp-json\/wp\/v2\/pages"}],"about":[{"href":"https:\/\/skiclubdebeille.com\/index.php\/wp-json\/wp\/v2\/types\/page"}],"author":[{"embeddable":true,"href":"https:\/\/skiclubdebeille.com\/index.php\/wp-json\/wp\/v2\/users\/1"}],"replies":[{"embeddable":true,"href":"https:\/\/skiclubdebeille.com\/index.php\/wp-json\/wp\/v2\/comments?post=121"}],"version-history":[{"count":8,"href":"https:\/\/skiclubdebeille.com\/index.php\/wp-json\/wp\/v2\/pages\/121\/revisions"}],"predecessor-version":[{"id":4758,"href":"https:\/\/skiclubdebeille.com\/index.php\/wp-json\/wp\/v2\/pages\/121\/revisions\/4758"}],"wp:attachment":[{"href":"https:\/\/skiclubdebeille.com\/index.php\/wp-json\/wp\/v2\/media?parent=121"}],"curies":[{"name":"wp","href":"https:\/\/api.w.org\/{rel}","templated":true}]}}